Let s be t(o). Suppose -5*y + 10 = -0*y. What is the greatest common divisor of s and y?
2
Let m(d) = -17*d - 421. Let s be m(-31). Suppose 91 = s*i - 93*i. Let c = 89 + -61. What is the highest common divisor of i and c?
7
Suppose 3*x + 15 - 198 = 0. Suppose 0 = -x*b + 59*b + 24. Suppose 2*u - b - 4 = t, 0 = -2*u - 3*t + 24. What is the greatest common divisor of u and 3?
3
Let m be (-59026)/(-55) - ((-12)/40 + 1/(-2)). Calculate the highest common divisor of 30 and m.
6
Let l = 740 + -304. Let g = l - 352. Calculate the highest common divisor of 48 and g.
12
Let p be 2/1*(10 - 11). Let r be p - (-10 + 28/7). Calculate the greatest common factor of r and 2.
2
Let r(p) = -345*p + 2750. Let z be r(6). Calculate the highest common factor of z and 476.
68
Suppose -123*m - 24*m = -538 - 491. What is the highest common divisor of 301 and m?
7
Let w(d) = 24*d**2 + 12*d + 90. Let v be w(-4). Calculate the greatest common factor of 568 and v.
142
Let y(r) = 5*r**2 + 171*r - 3268. Let w be y(20). What is the greatest common factor of w and 16?
8
Suppose -4*g + 579*v + 2209 = 576*v, -v = 2*g - 1097. Calculate the greatest common divisor of g and 3740.
110
Let r(t) = -3*t**2 + 5*t - 8. Let s be r(3). Let u be ((-11)/(220/32))/(2/s). Let k = u - -2. Calculate the greatest common divisor of k and 54.
18
Let m be 12 - -397 - 2 - -9. Calculate the greatest common divisor of m and 5096.
104
Let d = 26322 - 16438. What is the highest common factor of d and 28?
28
Suppose -2*o = 4*j - 334 - 318, -3*j = 4*o - 484. Let t = 716 - j. What is the highest common divisor of t and 69?
69
Let h(f) = -2*f - 1. Let d be 40/(-2) - (-24 + 22). Let g be h(d). Let l = 43 - g. What is the highest common divisor of 64 and l?
8
Let c(d) = 3*d**2 + d - 2. Let l be c(2). Let w be ((-632)/(-16) - 9)*8 - 16. What is the greatest common factor of w and l?
12
Let d(l) = -10*l + 70. Let t be d(8). Let b be (t/(-4))/(-7 - (-792)/112). What is the highest common divisor of b and 7?
7
Suppose 0 = -3*b - 5*d - 63, 4*b + 32 = -5*d - 47. Let g = b - -9. Let z be 14/4*(-24)/g + -1. Calculate the greatest common factor of z and 2.
1
Let g(v) = -v**2 + 42*v + 54. Let o be g(38). Calculate the greatest common divisor of 618 and o.
206
Let r(w) = -21*w + 44. Let d be r(11). Let j = d + 209. Calculate the highest common divisor of j and 55.
11
Suppose -639*q - 960 = -654*q. What is the greatest common factor of q and 7?
1
Suppose -a - 48 = -9*a. Suppose -a*m = -98 - 334. Let u = -6 + 14. What is the highest common divisor of m and u?
8
Suppose 4320 = -3*l + 5160. Calculate the highest common factor of 265 and l.
5
Suppose 6996 = 14133*z - 14121*z. Calculate the greatest common divisor of 1643 and z.
53
Suppose 11*m = -20*m + 37*m. Suppose m = 2*p, -l - 2*l = -3*p - 90. Suppose -4*s + 5*s = 10. What is the greatest common divisor of s and l?
10
Suppose -11095 = -817*w + 810*w. Suppose -f - 3878 = -4*h, -4*h + 2*f = w - 5465. Calculate the greatest common factor of 57 and h.
57
Suppose -66*p - 28*p - 15*p = -103332. What is the greatest common divisor of 132 and p?
12
Let s(k) = -2 + 2*k + 2. Let c(j) = 7*j + 278. Let d be c(-39). Let q be s(d). What is the greatest common divisor of 40 and q?
10
Suppose 0 = 2*d + 11 - 37. Suppose -593 = -2*t + 11*p, 4*p - 324 = -t - 113. Calculate the greatest common factor of d and t.
13
Let x(d) = -18*d**3 + 2*d**2 - 2*d. Let o = -40 - -38. Let j be x(o). What is the greatest common divisor of j and 117?
39
Let n be (19/(-3))/((-19)/(-57)). Let a = -14 - n. Suppose 99 = 3*v - 2*y - 0*y, 0 = -2*y + 6. What is the highest common divisor of v and a?
5
Suppose 7 - 22 = 5*y. Let q be 1/(-1)*(8 + -1 + y). Let l(j) = -j**3 - 5*j**2 - j + 15. Let z be l(q). What is the greatest common factor of 12 and z?
3
Let f(s) = s**2 + 19*s - 160. Let j be f(-32). Let o = -121 + 239. Suppose -2*u + 2*d = -o, -2*d = 4*u - d - j. What is the highest common factor of 21 and u?
21
Let c be ((-3)/1)/(21/(-14)). Suppose -4*o = 20, c*b - 5*b - 3*o = -60. Let p(t) = -17*t + 37. Let q be p(-14). Calculate the greatest common factor of b and q.
25
Suppose 3*j - 168 = -105. Suppose 4*l = -5*t + 85 + 2, -t = -l - j. Suppose -4*x = t - 139. What is the greatest common factor of 75 and x?
15
Let v = 19678 - 19628. What is the highest common divisor of v and 3310?
10
Let r(q) = -53*q**3 - 1. Let i be r(-1). Let n be 1 - 10/(-15)*420/4. Suppose -n = -5*v - 6. Calculate the greatest common divisor of v and i.
13
Suppose 0 = h - 5*d - 12 - 9, -2*h - 2*d = -54. Suppose 4*a + w - 362 = 0, -a + 1471*w + 93 = 1470*w. Calculate the highest common factor of h and a.
13
Suppose 778*a - 779*a = -21. Let d be (-28)/a*(-3)/1. Calculate the highest common divisor of d and 112.
4
Let t = -2645 - -2679. Calculate the highest common factor of t and 2125.
17
Suppose -2*d - 538 = -4*d. Suppose 0 = -c - 4, 2*c + 144 + d = 3*r. Let t be (4/(-10))/((-1)/r). Calculate the highest common factor of t and 27.
27
Let t = 4257 + -4213. Calculate the highest common divisor of 188 and t.
4
Let h = 5693 - 5621. Calculate the greatest common divisor of 282 and h.
6
Let m be (-26)/143 - (-2 - 54852/33). Calculate the greatest common factor of 52 and m.
52
Suppose -18*x = -23*x. Suppose 48*h - 52*h + 96 = x. Let b = -61 + 121. What is the highest common factor of h and b?
12
Let h = -10591 - -12705. Calculate the highest common divisor of 4832 and h.
302
Let d(l) = 6*l + l**3 + 20*l**2 - 2*l - 3*l + 53 - 15. Let w be d(-20). What is the greatest common factor of w and 2?
2
Let a = -127 + 197. Suppose 237*r - 238*r + a = 0. What is the greatest common factor of 14 and r?
14
Suppose 3*p = 2*r - 83, p - 5*p - 176 = -4*r. Let b = r - -7. Suppose 1474*m - 1471*m - 21 = 3. Calculate the highest common factor of b and m.
8
Suppose 4*i = 8*i. Let j be i*1/(-8)*-4. Suppose -5*n - 2*n + 182 = j. What is the highest common divisor of n and 78?
26
Let l(i) = -3*i**3 + 38*i**2 - 49*i + 18. Let b be l(11). Let j(n) = 14*n**2 - 3*n + 1. Let m be j(-2). What is the highest common divisor of b and m?
21
Let x be 11 - 6/(2 - -1). Suppose -2*p + 49 = -t, -t = -5 - 0. What is the highest common factor of x and p?
9
Suppose -5*y + 305 = -2*j, -5*y + 0*y + 305 = -5*j. Suppose l = 2*b + y, -46 = -5*l + b + 286. Calculate the greatest common divisor of l and 201.
67
Let g be (52*(-1)/5)/((-19)/((-44175)/(-10))). Calculate the greatest common factor of g and 234.
78
Let g(p) be the second derivative of 2*p**3/3 - 4*p**2 + 4*p - 2. Let f be g(4). What is the greatest common divisor of f and 56?
8
Let w(s) = 9 - 2 - 13 - 14*s - 26. Let l be w(-10). What is the greatest common divisor of l and 12?
12
Let l = 14076 + -14060. What is the greatest common factor of 5488 and l?
16
Let h(z) = 148*z**2 - 8*z - 91. Let a be h(-5). What is the highest common factor of 123 and a?
41
Let m(y) = 4*y - 25. Let t be m(11). Let q(r) = -2*r**3 + 4*r**2 + 2*r + 5. Let s be q(-3). Suppose 3*b + s = 146. What is the highest common factor of t and b?
19
Let q(u) = -370*u**3 + 2*u**2 + 16*u + 14. Let r be q(-1). What is the highest common factor of 5254 and r?
74
Let p = 1585 - 1115. Suppose -6*y + p - 74 = 0. Calculate the highest common divisor of 88 and y.
22
Let v = -25583 + 25620. What is the greatest common factor of 14689 and v?
37
Let n be ((-2)/(-8)*-211)/((-1)/4). Suppose 5*m - n = -4*g + 146, -m - 175 = -2*g. Suppose 7*k - 31 = g. What is the greatest common divisor of 17 and k?
17
Suppose 0*h - 55 = -5*h. Let l be ((-16016)/(-168))/((-8)/(-12)). Calculate the greatest common factor of l and h.
11
Suppose i + n = -0*i + 1381, -3*n = 0. Suppose o - i = 707. Suppose -2*l + o = 6*l. What is the highest common factor of l and 29?
29
Let w = 1492 - 1427. Calculate the highest common factor of w and 3120.
65
Let l(a) = -11*a - 9. Let r be l(-4). Suppose -y + 3*d = 5, -3*y + 2*y - 5*d = -r. Let x = 20 - -50. What is the highest common divisor of x and y?
10
Let c(v) = 3*v**3 - 9*v**2 + 27*v - 6. Let l be c(4). Let b be (1377/(-85))/((-9)/l). What is the greatest common factor of b and 120?
30
Suppose -78*i + 11*i + 33098 = 0. Suppose -21*s = -598 - i. What is the highest common factor of 1196 and s?
52
Let b(m) = 194*m**3 + 6*m**2 + 6*m - 26. Let p be b(2). Calculate th